factor of s and c?
7
Let l = 193 - 133. Let c(g) = 5*g**2 + 3*g - 2. Let r be c(2). Calculate the greatest common divisor of r and l.
12
Let k(p) = -p**3 - 3*p**2 + 3*p + 5. Let c be k(-4). Suppose -2*i = -7*i + 405. Calculate the greatest common divisor of i and c.
9
Suppose -y - 4 = 0, -5*z - 2*y + 16 - 4 = 0. Let o = z + -1. Suppose 3*n + b - 300 = -3*b, b + o = 0. What is the greatest common divisor of n and 13?
13
Let a be 2/5 + 27/(-5). Let k be ((-126)/(-15))/((-1)/a). Calculate the highest common divisor of k and 6.
6
Let w be 28*((-22)/(-60) + 2/15). Let u(k) = 70*k**2 - k - 1. Let g be u(-1). Calculate the greatest common divisor of g and w.
14
Suppose 2*s + 0*s = -5*d + 35, 0 = 4*d - 2*s - 46. Calculate the greatest common factor of d and 9.
9
Suppose 2 = v + 1. What is the highest common factor of 7 and v?
1
Let v be ((-252)/(-70))/(2/5). Calculate the greatest common divisor of 99 and v.
9
Let r(f) = -f + 6. Let k be r(-8). Calculate the highest common factor of 7 and k.
7
Let s be (-2)/(5 - 3) - -27. Suppose -6 = 5*b - s. What is the greatest common divisor of 8 and b?
4
Let o = 5 + 5. Calculate the highest common factor of o and 15.
5
Suppose -21 = -w + 7. Let z(p) = -2*p - 1. Let l be z(7). Let i = w + l. Calculate the highest common factor of 104 and i.
13
Let i(q) = -37*q - 16. Let a be i(-4). Calculate the highest common divisor of 12 and a.
12
Let y(k) be the second derivative of 0 + 7/6*k**3 - 1/12*k**4 + k**2 + k. Let s be y(6). Calculate the highest common divisor of s and 8.
8
Suppose 3*b = 4*l - 47, l + 12 = b - 5*b. Let g = 13 + -5. Calculate the highest common divisor of l and g.
8
Suppose -v + 25 = v + 5*r, 3*r = 9. Suppose 115 = v*g - o, 0*g - 2*o - 92 = -4*g. Calculate the greatest common divisor of g and 46.
23
Let c be (58/(-6))/((-2)/6). Let p = 31 + 85. What is the greatest common factor of c and p?
29
Suppose -5*a + q = -q - 48, 3*a = -4*q + 8. What is the highest common divisor of a and 16?
8
Suppose -5*o + 65 + 30 = 0. What is the greatest common divisor of o and 57?
19
Let r(s) = -2*s**2 + 27*s + 25. Let h be r(14). What is the greatest common divisor of 11 and h?
11
Suppose 0 = -4*h + y + 507, 3*y + 263 = 2*h + 2. Let u be (-8)/(-2)*(-30)/4. Let k = u - -44. Calculate the highest common factor of h and k.
14
Let o(z) be the first derivative of z**3/3 - 5*z**2/2 - 18*z + 8. Let t be o(8). What is the highest common divisor of t and 24?
6
Let a be (2/(-4) + -1)/(30/(-80)). Let p be 177/2*(-6)/(-9). Let i = -23 + p. Calculate the greatest common divisor of i and a.
4
Suppose -3*p + 4*p - 94 = 0. What is the greatest common divisor of 141 and p?
47
Let g(j) = j**2 - 7. Let s be g(5). Suppose -5*p = 3*h - 0*h - 220, -4*p - 272 = -4*h. Let k = h + s. What is the greatest common divisor of 8 and k?
8
Let k be (4/(-5))/((-8)/20). Suppose -k*q = -3 - 21. Suppose 2*t + 3*d = 43 - q, 2*t = -2*d + 28. What is the greatest common divisor of 99 and t?
11
Let o(u) = u**2 - 3*u - 16. Let s = 8 + -1. Let q be o(s). Let j be (-2)/(-8) + (-431)/(-4). What is the greatest common factor of q and j?
12
Let v(y) = 5*y**2 + 3*y - y - 4*y - 5 - 3*y**2. Let r be v(6). Suppose -5*b + o + 2*o = -28, -o + 19 = 4*b. What is the greatest common divisor of r and b?
5
Let o(b) = -4*b + 85. Let x be o(-5). Calculate the greatest common divisor of 21 and x.
21
Suppose -6*u + 2*u = -144. Suppose 9 - 29 = -5*c, 3*c = -k + 16. Suppose -4*t + 2*t = -4*j + 52, 0 = -k*t - 8. Calculate the greatest common factor of j and u.
12
Let z = -12 + 17. Let p(r) = 19*r + 4. Let v be p(z). Suppose k + 48 = 5*m, -4*k - 95 + 38 = -5*m. Calculate the highest common factor of v and m.
9
Suppose -y - 225 = -6*y. Suppose -3*c = 3*c - 30. What is the greatest common factor of y and c?
5
Suppose 5*l - 3*k - 932 = -0*l, 3*k = 3. What is the greatest common factor of l and 17?
17
Let j(a) = 2*a - 21. Let o be j(16). Calculate the greatest common divisor of o and 1.
1
Let l(w) = -w**2 + 8*w + 12. Let u be l(9). Suppose r + 30 = u*r. What is the greatest common divisor of 15 and r?
15
Suppose -4*q = -414 + 78. Suppose 3*h - 7*h = -112. Suppose 20 = 4*r - h. Calculate the highest common divisor of q and r.
12
Let s be (-3)/9 + (-193)/(-3). What is the greatest common divisor of 4 and s?
4
Suppose -4*p = -5*m - 415, 0*p - 319 = -3*p - 4*m. Let k = -3 + 6. Suppose k*l - 15 = 2*l. Calculate the highest common factor of l and p.
15
Let g(c) be the first derivative of -3*c**2/2 - c + 3. Let b be g(-3). Suppose 3*u + 80 = b*u. What is the highest common factor of 176 and u?
16
Let d(o) = 2*o**2 + 5*o - 7. Let g be d(-5). Let a be (-6)/(-2)*(-20)/(-6). Suppose 0 = 5*n - a*n + 45. What is the highest common factor of n and g?
9
Let p be (-23)/(-7) + 4/(-14). Suppose 4*t + 65 = 5*b, 2*t + 7 = 4*b - 3*b. Let o = -11 + b. Calculate the greatest common factor of o and p.
3
Let u(f) = f**2 + 6*f - 2. Let t = 6 - 13. Let w be u(t). What is the greatest common factor of w and 10?
5
Let z(j) = -j**2 + 25*j - 41. Let d be z(23). Let r(m) = -5*m + 5. Let o be r(-8). Calculate the greatest common factor of o and d.
5
Suppose -a - 4*a = -175. Let q = 6 - a. Let g = 59 + q. What is the greatest common factor of g and 45?
15
Let u = -1 + 3. Suppose -16 = 4*s + 4*y, -u*s + 2*y + 2 = 2*s. Let n be 3/((-6)/(-214)) - s. Calculate the greatest common factor of n and 12.
12
Let a be (-5)/(-4 + 4 + -1). Calculate the greatest common divisor of 15 and a.
5
Suppose -y - 3 = -1. Let c be (22/(-4))/(y/4). Calculate the highest common divisor of 22 and c.
11
Let i(w) = 24*w. Let h be i(10). Calculate the greatest common divisor of 30 and h.
30
Suppose 1 = l - 20. Calculate the greatest common factor of 3 and l.
3
Let p be ((66/12)/(-11))/((-2)/128). Calculate the highest common divisor of p and 80.
16
Let y(p) = -3*p + 30. Let h be y(-6). Calculate the greatest common factor of 168 and h.
24
Suppose 0 = -5*x + 7 + 8. Suppose -x*i + 9 = 0, -o + 5*i + 3 - 4 = 0. What is the highest common divisor of 126 and o?
14
Suppose 0 = -5*y + n + 162, -2*n = 3*n + 10. What is the greatest common divisor of y and 4?
4
Let z(k) = 2*k - 9. Let l be z(6). Suppose -l*d + 85 = 2*d. What is the greatest common divisor of 17 and d?
17
Let s(g) = g**2 + 11*g + 7. Let t be s(-12). Suppose -2*w - 14 = n - 3*n, -t = -3*n + 5*w. Calculate the highest common factor of n and 20.
4
Let i(f) = -4*f - 7. Let p be i(-7). Calculate the greatest common divisor of 28 and p.
7
Let z(k) = k**2 + 4*k + 4. Let w be z(4). Suppose 63*f - 45*f - 972 = 0. Calculate the highest common factor of f and w.
18
Let p be 0 + (1 + -1 - -103). Suppose -41 + p = k. Suppose -k = -4*l - 26. Calculate the highest common divisor of l and 6.
3
Suppose 4*a - 11 = -3. Suppose -a*h = -14 + 4. Let q be (-41)/(-2) - (-2)/(-4). Calculate the greatest common factor of q and h.
5
Let g be (-4)/18 + (-114)/(-27). Let u(q) = q**2 - 2. Let c be u(g). Calculate the highest common divisor of c and 42.
14
Let b = 31 - 1. Suppose -3*q - 27*q = -600. Calculate the highest common factor of q and b.
10
Suppose -7*a + 2*a + k + 139 = 0, -3*k = -2*a + 53. Calculate the greatest common divisor of 196 and a.
28
Suppose -3*w = -3*c + 39, -5*c + 98 - 12 = 2*w. Let x = -23 + 41. Let k be (48/x)/(2/3). What is the highest common factor of k and c?
4
Let p(q) = 5*q + 7*q**2 - 6*q - q**3 + 6*q - 7. Let a be p(7). Calculate the highest common divisor of 4 and a.
4
Suppose -6*u = -u + 4*n - 112, -4*u = 3*n - 90. Suppose 12 = 5*d - 2*d. Calculate the highest common divisor of d and u.
4
Let p be (-89)/(-7) - (-4)/14. Let n(u) = u**2 - 8*u - 37. Let b be n(18). Calculate the highest common divisor of p and b.
13
Let c(j) = 7*j - 40. Let p be c(8). Suppose 205 = 5*a - 5*h, -2*a + 40 = h - 39. What is the greatest common factor of p and a?
8
Let x(m) = 3*m**2 - m + 2. Let v be x(-4). Let w = 11 - 6. Suppose -4*o = -w*s + 38, -5 + 35 = 4*s - 3*o. Calculate the highest common factor of v and s.
6
Let q be (9/15)/(0 + 3/45). What is the highest common divisor of q and 72?
9
Suppose 2*h = 5*o + 33, -38 = -3*h + o - 5*o. What is the highest common divisor of 2 and h?
2
Let k be (4/6)/(8/228). Calculate the highest common factor of 57 and k.
19
Suppose -45 = 3*m - 279. Calculate the greatest c